 l(-4)?
7
Let b be ((3 - 6)/(-6))/(2/20). Let h(n) = -5*n + 66. Let r be h(12). Suppose 0 = -b*u - 2*q + 9, -5*q + r = 21. What is the units digit of u?
3
Let u(p) = -p**3 - 16*p**2 - 28*p - 2. Let z = 33 + -47. Let j be u(z). What is the tens digit of 4/j + 2*(19 - 2)?
3
Suppose -31 = 5*h - 4*i, -h = h + i + 15. Let k = h + 7. Suppose k = -2*d - 7*d + 360. What is the tens digit of d?
4
Let k(w) = 1 - 8*w**2 - 4*w**2 + w**3 + 2 + 0*w**2 - 9*w. Suppose 117*r + 9 = 118*r + c, -4*c = 5*r - 49. What is the tens digit of k(r)?
5
Suppose 0 = -5*r + 2*z + 22553, 0 = -83*r + 88*r + 5*z - 22525. What is the tens digit of r?
0
Suppose 0 = -y + 267 - 12. Suppose -k - 2*c + 135 = 0, k - y = -k - c. What is the tens digit of k?
2
Let l = 375 + -313. Suppose -l*f = 11*f - 80081. What is the thousands digit of f?
1
Let y = -8992 - -9250. What is the hundreds digit of y?
2
Suppose 4*o - 7*o - 2115 = 0. Let l = o + 1202. Let f = l + -329. What is the hundreds digit of f?
1
Let q(r) = 30*r**2 + 13*r + 28*r**2 - 57*r**2 - 41 - 3. Let z be q(-16). Suppose z*d - s = 8*d - 595, 0 = 5*d - 4*s - 749. What is the units digit of d?
9
What is the ten thousands digit of -6 - (1 + 469/(-63)) - (-1074507)/27?
3
Let h(c) = 9*c + 95. Let x be h(-9). What is the hundreds digit of (15 + -22)*(-484)/x - 4?
2
Suppose -8438 = -p + 4*a, 4*p - 10*a - 33808 = -8*a. What is the thousands digit of p?
8
Suppose -237*n + 259*n = 181478. What is the tens digit of n?
4
What is the thousands digit of 41/((-656)/(-174816)) - (0 + 2 + 5)?
0
Let v = -556 - -276. Let f = -617 + 422. Let j = f - v. What is the units digit of j?
5
Let v = 303 + -334. What is the tens digit of v*((-149)/8 - (-66)/(-176))?
8
Let j be (-10)/(-3)*30/100*6. Let t = 208 - j. What is the tens digit of t?
0
Let r = -3805 - -16711. What is the hundreds digit of r?
9
Let m(f) = -4*f + 6 + 110*f**2 + 2*f - 13. What is the hundreds digit of m(2)?
4
Let i(z) = -1995*z + 1562. What is the ten thousands digit of i(-19)?
3
Suppose -5*u + 15 = -5*f + 40, 2*f - u - 5 = 0. Suppose f = -7*n + n + 2790. What is the units digit of n?
5
Suppose -8*j - 124 = 36. Let x be (5 - j) + (1 - 1). Let a = 60 - x. What is the units digit of a?
5
Let c = -281 - -283. Suppose -5*f + 1608 = -4*k, -f - c*k = 50 - 366. What is the tens digit of f?
2
Suppose 2*c + 4*p - 2*p + 10 = 0, -3*c = -4*p + 15. Let v(s) = -3*s**2 + 10*s. Let t be v(c). Let m = 217 + t. What is the units digit of m?
2
Let z(x) be the third derivative of 7*x**5/30 + 13*x**4/12 + 73*x**3/6 - 259*x**2. What is the thousands digit of z(-11)?
1
Let n = -35291 - -64250. What is the units digit of n?
9
Let p = 7636 - 4761. What is the thousands digit of p?
2
Let b(k) = 2*k**3 - 103*k**2 + 59*k - 242. What is the units digit of b(51)?
6
Let h = -19093 + 27810. What is the hundreds digit of h?
7
Suppose 307 = -2*a + 7*a - q, 10 = -5*q. Suppose 0 = 5*k - 3*v - a, k + 0*k - 2 = 4*v. What is the tens digit of k?
1
Let z = 12966 - -8982. What is the tens digit of z?
4
Let y(p) = -9*p + 3. Let s be y(-7). Suppose 3*x + 18 = s. What is the units digit of x?
6
Let n = -54 - -50. What is the tens digit of (-4 - n)/(-1) - -290?
9
Let q(j) = 2*j + 100. Let g be (-70)/(-21)*(-6)/(-4). Suppose -g*k + 0*x + 10 = 5*x, 3*x = 2*k + 6. What is the hundreds digit of q(k)?
1
Let l(y) = -10*y - 23. Let x be l(-14). Let s be (10 - 8)/(3/x). What is the units digit of (s/(-5))/((-6)/30)?
8
What is the thousands digit of ((-51)/(-9) + 15/(-3))*9753?
6
Let g = 31906 + 13482. What is the units digit of g?
8
Let z(g) = -27*g - 5. Let l be z(-1). Suppose -25*w + l*w = -123. Suppose -h = w - 183. What is the tens digit of h?
4
Let f = 13702 + -10502. What is the units digit of f?
0
Let s = 2057 - 3439. Let h = s - -2171. What is the units digit of h?
9
Let p(k) = k**3 + 6*k - 4. Let g be p(0). What is the tens digit of 9*(-3868)/(-120) - g/(-40)?
9
What is the tens digit of 13729*(5 - 4) + 170/(-17)?
1
Let p(a) = 53*a + 3. Let w be p(5). Let y = -78 + w. Suppose g + g - y = 0. What is the tens digit of g?
9
Let d be 5/(-15) - (5063/3 + 3). Let i = d + 2657. What is the tens digit of i?
6
Suppose 3*h + 23 = -a, 6*h - 3*h = -3*a - 27. Let l(f) = -4*f**3 - 12*f**2 + 3. What is the hundreds digit of l(h)?
7
Suppose 8*l = 4*l + 24. Let t be (-4)/l - (-6)/9. Suppose t = 7*m - 4*m - 102. What is the tens digit of m?
3
Let l(g) = g**2 - 33*g - 60. Let y(q) = -15*q - 30. Let h(m) = 3*l(m) - 5*y(m). What is the hundreds digit of h(20)?
6
Suppose -140*x + 143*x + q - 64387 = 0, -3*x + 64373 = -q. What is the units digit of x?
0
Let c(f) = f**2 - 13*f + 44. Let j be c(8). Suppose 2*d = -2*v + 7*d + 1017, 0 = -j*d + 20. What is the units digit of v?
1
Suppose -7*y = 11*y - 56070. What is the thousands digit of y?
3
What is the ten thousands digit of ((-14997)/(-5))/(1292/85 + -15)?
1
Let s(k) = -39*k + 6. Let a be s(-20). Suppose 10*c = 7*c + a. Let o = 412 - c. What is the tens digit of o?
5
Let u(d) = -91*d - 138. Let h be u(-24). Suppose 13*p - 1360 = -2*b + 11*p, 3*b + 5*p = h. What is the hundreds digit of b?
6
Let z(h) be the third derivative of h**6/120 + h**5/3 + 7*h**4/8 + 43*h**3/6 - 54*h**2 + 2. What is the tens digit of z(-14)?
2
Let t(m) = 4*m**3 - 42*m**2 - 66*m + 1002. What is the ten thousands digit of t(22)?
2
Let h be (-1)/(-7) - (-129486)/147. Let o = h + -431. What is the hundreds digit of o?
4
Suppose -k - 3*o + 30697 = -5356, -4*k + 2*o + 144212 = 0. What is the ten thousands digit of k?
3
Let x(y) = 4*y**3 - 3*y**2 + 2*y + 1. Let b be x(1). Suppose 0 = -b*q + 2*r + 1482, -4*q = -5*r - 1150 - 317. What is the units digit of q?
3
Let q be 0 - 6/4*-2. Suppose z + 5 = -4*l, -7*l - 3*z = -4*z - 5. Suppose x = 5*x - 8, -q*f - 5*x + 115 = l. What is the units digit of f?
5
What is the thousands digit of (-429272)/(-20) - ((-1)/(-10) - 116/232)?
1
Suppose 118 = -11*d + 63. Let f(q) = 5*q**2 + 9*q - 4*q - q**2 - 1. What is the units digit of f(d)?
4
Let q(n) = n**2 + 36*n - 228. What is the units digit of q(-90)?
2
Let i(n) = 361*n - 299. What is the tens digit of i(21)?
8
Suppose -9 = 3*w, -z + 1 = 3*w - 0. Let a be 4 + (-76)/20 + 28/z. Suppose 0 = -5*i - a*r + 1109, i - 669 = -2*i - 3*r. What is the hundreds digit of i?
2
Let f(p) = -14*p**2 + 184*p - 12. Let k be f(13). Let a(l) be the second derivative of l**3/6 - 3*l**2 + l. What is the units digit of a(k)?
8
Suppose 541*r = 538*r + 35814. What is the ten thousands digit of r?
1
Let o = 306 - 464. Let m = -137 - o. What is the tens digit of m?
2
Suppose 2*o + 4 + 18 = 0. Let f be (44/11 - 44/1)/(-1). Let i = o + f. What is the units digit of i?
9
Suppose -9*s = 16*s + 275. What is the units digit of (s/(-4) - 3) + 2314/8?
9
Let l be (4 - -222) + (6 - 2). Let r = l - -92. What is the hundreds digit of r?
3
Suppose 2*u - 5*l + 10 + 9 = 0, -3*l = 5*u + 32. Let y(p) = -32*p + 6. What is the units digit of y(u)?
0
Suppose -11 = -5*f + 9. Let n = -105 + 129. Suppose 2*m - f*m + n = i, 9 = i - 3*m. What is the tens digit of i?
1
Let x = 60 - -1447. Let w = x + -479. What is the tens digit of w?
2
Let t be 30 + 1 + -3 + (0 - 2). Suppose t*d = 12*d + 364. What is the units digit of d?
6
What is the tens digit of 2305240/105 + (-6)/9?
5
Suppose -12*j - 136410 = -42*j. What is the hundreds digit of j?
5
Suppose 0 = -3*l - 5*w - 1, -3*l = -0*l - 5*w - 19. Suppose l*a + a - 40 = -4*i, 2*a - 14 = -i. What is the units digit of (-4)/i*(-3297)/14?
7
Let y(r) = 787*r**2 + 835*r**2 + 8*r - 9 - 262*r**2 - 298*r**2. What is the tens digit of y(1)?
6
Suppose 0 = t, -3*n + 9*t = 13*t - 618. Let y = n + -52. What is the tens digit of y?
5
Let o = -1558 - -804. Let z = -148 - o. What is the units digit of z?
6
Let d(b) = 3*b**3 - 10*b**2 - 20*b + 13. Let s(t) = -16*t**3 + 51*t**2 + 98*t - 66. Let y(q) = -11*d(q) - 2*s(q). What is the tens digit of y(8)?
8
Suppose -4*q - 10*z - 7 = -13*z, -2*q = 2*z. What is the hundreds digit of 1043/14*4 + q?
2
What is the units digit of -3*((-70)/30)/7?
1
Suppose -5*g + 71728 = 3*d, -3*d + 7026 = g - 7310. What is the units digit of g?
8
Suppose -a + 2*o = -5866, -7866 + 31280 = 4*a + 2*o. What is the tens digit of a?
5
Suppose -111*h + 104*h + 20797 = 0. What is the units digit of h?
1
Let o(b) = -b**3 - 21*b**2 - 20*b + 11. Suppose 40 = 1